1
Suppose 0 = 153*n - 21419 - 9793. Let w(i) = -i + 5. Let h be w(-7). Calculate the greatest common factor of h and n.
12
Let y(l) = -l**3 - 12*l**2 - 9*l + 26. Let p be (((-11)/(-22))/((-2)/(-88)))/(-2). Let v be y(p). Calculate the highest common divisor of v and 20.
4
Let g be (6/(-15) - (-44)/(-15))/(64/(-288)). What is the greatest common factor of g and 6945?
15
Let x be (-28)/(-7) + 24/2. Let z be ((-2)/(-4))/(10/880). What is the greatest common divisor of z and x?
4
Let p = 831 - 826. Suppose -t + 140 - 37 = -p*a, 5*t = a + 395. Calculate the highest common factor of 91 and t.
13
Let a(h) = h**3 - 16*h**2 - 12*h + 27. Let q(f) = -12*f + 233. Let t be q(18). Let g be a(t). What is the greatest common factor of 70 and g?
14
Suppose 102378 + 1662 = 20*i. What is the highest common divisor of 6 and i?
6
Suppose 12 = 2*k + 4*s, 0 = 3*k + 4*s - 23 + 3. Let l be 24/(-10)*(-1 - 4). Calculate the greatest common divisor of l and k.
4
Let h(x) = -2*x**2 - 15*x + 11. Let a be h(-8). Suppose a = -3*n - 3, 0 = 5*v - 4*n - 78. What is the highest common factor of v and 56?
14
Let h(b) = -16*b - 30. Let n be h(-2). Suppose 0 = 2*l + 4*v - 172, -n*l - 3*l = -2*v - 454. What is the greatest common factor of l and 36?
18
Let o(g) = -g**3 + 67*g**2 + 136*g + 202. Let r be o(69). Calculate the highest common factor of 76 and r.
4
Suppose -5*c - 111*w + 108*w + 186 = 0, -4*c = -5*w - 208. What is the greatest common divisor of c and 17584?
14
Let o = -2737 - -2791. What is the greatest common factor of o and 306?
18
Let x be (-14)/(-21) + 4/3. Let p be 1755/(-26)*x/(-15)*9. Calculate the greatest common factor of 6 and p.
3
Suppose -4*s + 422 = 5*m, -5*s + 665 - 240 = 5*m. Suppose 0 = -8*y + 54 + m. Calculate the highest common divisor of 425 and y.
17
Suppose 146 = 2*t - 2*z, -8*z + 103 = t - 3*z. Suppose -5107 = -47*m + 4058. What is the greatest common factor of m and t?
39
Let j be -7 + -12*7/(-42) - -56. Calculate the highest common factor of 12461 and j.
17
Suppose 0 = -4*z + 4*l - 266 - 866, 4*z - 2*l + 1136 = 0. Let p = -110 - z. Let a = 285 - p. Calculate the highest common divisor of a and 165.
55
Let h(t) = -t**3 - 31*t**2 - 3. Let n be h(-31). Let q be ((-2944)/12 + 11)/(1/n). Calculate the highest common factor of q and 37.
37
Let t be -11*65/(-110)*1840. Calculate the highest common divisor of t and 130.
130
Let g be 939/(-2817) + (0 - (-47672)/6). What is the greatest common factor of g and 35?
35
Let q be ((-4680)/1638)/((-2)/35). Calculate the greatest common divisor of q and 640.
10
Let g(h) = h**2 - 22*h + 100. Let v be g(17). Suppose -s - 3 = 5*t - 34, 0 = 5*t - v. Let m = 14 - -2. What is the greatest common factor of m and s?
16
Suppose 4*m - m + 4317 = 2*x, -4*x + 2*m + 8654 = 0. Calculate the greatest common factor of x and 6.
6
Let d be (7 - (-16)/(-4))*(-3 - (-42955)/15). What is the highest common divisor of d and 7?
7
Let p be 2/4 + (-58)/(-4). Suppose 4*w + 576 = -720. Let b = -234 - w. Calculate the highest common factor of b and p.
15
Let u(i) = -3*i**2 + 6*i. Let a be u(2). Suppose a = -12*p + 13*p - 28. Let d = -22 + p. What is the highest common factor of 78 and d?
6
Let s(j) = 9*j**2 + j**3 + 11*j + 21 - 25 - 3*j. Let v be s(-8). Let q be (-3 - v - 43)/(-1). Calculate the highest common factor of 105 and q.
21
Suppose -48 = -5*b + 32. Let t be b*(13 - (-2 - -2)). Let a(j) = -j**3 + 56*j**2 + 17*j - 926. Let g be a(56). What is the greatest common divisor of g and t?
26
Suppose -615 = -q - 2*y, 3*q = 7*q - 3*y - 2449. Let g = q + -309. Calculate the greatest common factor of 32 and g.
16
Let i = -2244 + 3840. Calculate the greatest common factor of 2508 and i.
228
Suppose -3*h - 45 - 6 = 0. Let u(t) = -t**2 - 54*t + 31. Let i be u(h). What is the highest common factor of i and 15?
15
Let b(l) = -10 - 47*l + 30*l + 30*l. Let r be b(4). Suppose 22*g = 16*g + r. Calculate the highest common factor of g and 1.
1
Let q = -110 - -112. Suppose -l + 2*g + 3*g = 6, 0 = -l + 3*g - q. Suppose 2*h = 5*v + 2, l*h - v - 18 = 22. What is the greatest common factor of 44 and h?
11
Let j be (2/4)/((-3)/(-150)). Let o be ((24/84)/1)/(1/7). Let n be (6/o - 4)/(1/(-5)). What is the greatest common factor of j and n?
5
Suppose -k - 4*k = -2*c - 10, 5*k + 4*c + 20 = 0. Suppose 3*a - 2323 - 1922 = k. Suppose -587 = -11*h + a. Calculate the greatest common divisor of h and 14.
14
Let u be (0 - -2)*48/32. Suppose 0 = a + 2*y - 17, 0 = u*a + 2*a - 5*y - 145. Let i be (-4)/7 + (-74)/(-7). Calculate the greatest common factor of i and a.
5
Let x(a) = 71*a + 1584. Let v be x(-22). Suppose c - 3*h = -2*c + 15, -3*h = 4*c + 1. Suppose c*l + 165 = 5*l. Calculate the greatest common divisor of v and l.
11
Suppose 48 = 3*c - c. Suppose -m + c = m. Suppose 20*v = 14*v - 3*t + 45, -5*t = v - 3. What is the highest common divisor of m and v?
4
Suppose m + 671 = 731. Suppose -170*r + 167*r = -m. Calculate the greatest common factor of r and 50.
10
Let z = -62 + -131. Let u = 961 + z. Calculate the highest common divisor of 24 and u.
24
Suppose 2*r + x - 714 = 0, -5*r - x = -712 - 1073. What is the greatest common factor of r and 1275?
51
Let q(k) = -8*k**2 - 3*k - 10. Let i be q(4). Let v = i - -185. Let j(y) = y**3 + 5*y**2 + 7. Let f be j(-5). Calculate the greatest common factor of v and f.
7
Let a be 15 + 4 + -5 + 0. What is the greatest common divisor of a and 266?
14
Let a = 251 - 249. Suppose t + 68 = 4*u, -4*t + a*t = -4*u + 68. Calculate the greatest common factor of u and 595.
17
Let i = -744 + 792. Let p(v) = -13*v - 13. Let k be p(-13). Calculate the highest common divisor of k and i.
12
Suppose -4940 = -5*h - 5*f, -3 = f + 3. What is the greatest common factor of 426 and h?
142
Let z = -1068 + 714. Let m = 555 - z. What is the greatest common divisor of m and 202?
101
Let z be (4/(-1) + 2)/(-2). Let i(b) be the second derivative of 7*b**3/3 + b**2 + 3*b. Let f be i(z). What is the greatest common divisor of 24 and f?
8
Let z(k) = 55*k**2 - 19*k + 9. Let i be z(1). Calculate the greatest common factor of i and 35.
5
Let u be (1 - 1)/1 - 2. Let y be u/12 - 964/(-24). Suppose 4*k + 3*j = 46, 5*j + 150 = -5*k + 200. What is the highest common factor of y and k?
8
Let d be (0 - 75/50)*138/(-1). What is the greatest common divisor of d and 180?
9
Suppose 4*f = 150 + 58. Suppose 38*u = 22*u + 480 + 768. Calculate the greatest common factor of f and u.
26
Suppose 5*y = -5*a + 1065, -2*y - 708 = -2*a - 270. Suppose -5*x + 5*z = -215, -x + 6*x = z + 235. What is the highest common divisor of x and a?
24
Let g be (-392)/(-3) + -25 - (0 + (-4)/(-6)). What is the greatest common factor of 7455 and g?
105
Let c be ((-45)/72 + 3/24)*-160. What is the greatest common divisor of c and 2608?
16
Let f be (36/(-16))/((-9)/12) - 847/(-1). Calculate the highest common divisor of f and 300.
50
Let o be (-4)/22 + -246*4/(-88). Suppose o*z = -3*v + 12*z + 152, 3*v + z = 160. What is the highest common factor of 182 and v?
26
Let i be (2 - 129/9)*(-3 - 0). Suppose 124*q + 10101 = 145*q. What is the greatest common factor of q and i?
37
Suppose 0 = -3*t - 2*l + 8, -2 = 2*t - 4*t - 3*l. Let r be (-162)/(-4) - t/8. Let c = r + -9. Calculate the greatest common factor of c and 124.
31
Suppose 0 = -2*l + k + 303, -5*l - 761*k = -765*k - 753. What is the greatest common factor of l and 119?
17
Suppose 13 = 5*m + 294*s - 293*s, 5*s = -3*m - 1. Let y(u) = -u**2 - 5*u + 8. Let q be y(-6). Calculate the highest common divisor of m and q.
1
Let o be 7/(-14)*(-3 - -1). Suppose 0 = v + g - 37, -3*g - o = -7. What is the greatest common factor of v and 5?
5
Let d be (-6 + 0)/(9/6). Let r be 22/3 - d/6. Let p = 306 - 274. What is the highest common factor of p and r?
8
Suppose 2*z + 2*z - 6 = 3*g, 3*g + 30 = -4*z. Let d be 1001/44 - g/(-8). Let i be -6 + 1 - (-1140)/30. Calculate the highest common divisor of d and i.
11
Let z(q) = 45*q - 179. Let l be z(4). Let r be (0 + -1)*3/3. Let n be (0 - 1)/(r/5). Calculate the highest common divisor of n and l.
1
Let m(n) = -25*n**2 + 5*n - 4. Let f be m(2). Let d = -24 - f. What is the greatest common divisor of d and 70?
70
Let r(l) = 22*l - 30. Let k be r(4). Suppose -28 = k*h - 62*h. What is the greatest common divisor of 7 and h?
7
Su